{"id":463,"date":"2025-11-28T11:31:07","date_gmt":"2025-11-28T10:31:07","guid":{"rendered":"https:\/\/saxandale.info\/?page_id=463"},"modified":"2026-03-23T20:32:35","modified_gmt":"2026-03-23T19:32:35","slug":"festival_et_workshops","status":"publish","type":"page","link":"https:\/\/saxandale.info\/index.php\/festival_et_workshops\/","title":{"rendered":"Festival &amp; Workshops"},"content":{"rendered":"\t\t<div data-elementor-type=\"wp-page\" data-elementor-id=\"463\" class=\"elementor elementor-463\">\n\t\t\t\t<div class=\"elementor-element elementor-element-ce66aad e-flex e-con-boxed e-con e-parent\" data-id=\"ce66aad\" data-element_type=\"container\" data-e-type=\"container\">\n\t\t\t\t\t<div class=\"e-con-inner\">\n\t\t\t\t<div class=\"elementor-element elementor-element-3c92ec23 elementor-widget elementor-widget-spacer\" data-id=\"3c92ec23\" data-element_type=\"widget\" data-e-type=\"widget\" data-widget_type=\"spacer.default\">\n\t\t\t\t\t\t\t<div class=\"elementor-spacer\">\n\t\t\t<div class=\"elementor-spacer-inner\"><\/div>\n\t\t<\/div>\n\t\t\t\t\t\t<\/div>\n\t\t\t\t<div class=\"elementor-element elementor-element-13c05fe5 elementor-widget elementor-widget-heading\" data-id=\"13c05fe5\" data-element_type=\"widget\" data-e-type=\"widget\" data-widget_type=\"heading.default\">\n\t\t\t\t\t<h1 class=\"elementor-heading-title elementor-size-default\">Notre parcours commun : une chronologie d'\u00e9motions<\/h1>\t\t\t\t<\/div>\n\t\t\t\t<div class=\"elementor-element elementor-element-a3e3a71 elementor-widget elementor-widget-text-editor\" data-id=\"a3e3a71\" data-element_type=\"widget\" data-e-type=\"widget\" data-widget_type=\"text-editor.default\">\n\t\t\t\t\t\t\t\t\t<p>L&#8217;un des plus grands plaisirs que ce travail nous a procur\u00e9s est la possibilit\u00e9 de rencontrer, de conna\u00eetre et de danser avec des personnes issues de communaut\u00e9s diff\u00e9rentes, chacune avec son histoire, son \u00e9nergie et sa sensibilit\u00e9 propres.<\/p><p>Chaque rencontre nous a laiss\u00e9 quelque chose : un souvenir ind\u00e9l\u00e9bile, une \u00e9motion soudaine, un sourire, un moment qui continue de briller en nous.<\/p><p>C&#8217;est pourquoi nous avons cr\u00e9\u00e9 cette liste : non pas pour montrer qui nous a fait confiance, mais <strong>pour adresser nos sinc\u00e8res et profonds remerciements \u00e0 vous tous<\/strong>.<\/p><p>Aux \u00e9l\u00e8ves qui nous ont suivis avec enthousiasme, aux organisateurs qui ont cru en nous et \u00e0 toutes les communaut\u00e9s swing qui nous ont accueillis comme si nous faisions partie de leur famille.<\/p><p>Merci pour <strong>chaque pas partag\u00e9<\/strong>, pour <strong>chaque rire<\/strong>, pour <strong>chaque voyage<\/strong>, pour <strong>chaque nuit<\/strong> pass\u00e9e \u00e0 danser sans regarder l&#8217;heure.<\/p><p>Merci d&#8217;avoir rendu notre parcours <strong>plus riche, plus humain et infiniment plus beau.<\/strong><\/p><p>Notre voyage continue&#8230; mais seulement parce que vous l&#8217;avez rendu possible!<\/p>\t\t\t\t\t\t\t\t<\/div>\n\t\t\t\t<div class=\"elementor-element elementor-element-f97a9fa elementor-widget elementor-widget-heading\" data-id=\"f97a9fa\" data-element_type=\"widget\" data-e-type=\"widget\" data-widget_type=\"heading.default\">\n\t\t\t\t\t<h3 class=\"elementor-heading-title elementor-size-default\">Voici o\u00f9 nous avons \u00e9t\u00e9 &lt;3<\/h3>\t\t\t\t<\/div>\n\t\t\t\t\t<\/div>\n\t\t\t\t<\/div>\n\t\t<div class=\"elementor-element elementor-element-138a02c e-flex e-con-boxed e-con e-parent\" data-id=\"138a02c\" data-element_type=\"container\" data-e-type=\"container\">\n\t\t\t\t\t<div class=\"e-con-inner\">\n\t\t<div class=\"elementor-element elementor-element-82b7979 e-con-full e-flex e-con e-child\" data-id=\"82b7979\" data-element_type=\"container\" data-e-type=\"container\">\n\t\t\t\t<div class=\"elementor-element elementor-element-bf376d4 elementor-widget elementor-widget-text-editor\" data-id=\"bf376d4\" data-element_type=\"widget\" data-e-type=\"widget\" data-widget_type=\"text-editor.default\">\n\t\t\t\t\t\t\t\t\t<p><strong>6 ZONES Adriatic Tour 2026<\/strong> &#8211; Workshop @Porto S. Elpidio- Italy<\/p><p><strong>6 ZONES Adriatic Tour 2026<\/strong> &#8211; Workshop @Rimini- Italy<\/p><p><strong>6 ZONES Adriatic Tour 2026<\/strong> &#8211; Workshop @Pescara &#8211; Italy<\/p><p><strong>SAX &amp; ALE in PSE 2025 \u2013 <\/strong>Workshop @Porto Sant\u2019Elpidio &#8211; Italy<\/p><p><strong>GIGLAB Lindy &amp; Jazz 25 &#8211; <\/strong>Workshop @Padova &#8211; Italy<\/p><p><strong>INTERNATIONAL WORKSHOP 25 \u2013 <\/strong>Workshop @Trento &#8211; Italy<\/p><p><strong>SAX &amp; ALE in Brescia 2024 \u2013 <\/strong>Workshop @Brescia \u2013 Italy<\/p><p><strong>HAND CLAPPIN 2024\/2025<\/strong> \u2013 Workshop @Bruxelles \u2013 Belgium<\/p><p><strong>BACK IN TOWN 2023<\/strong> \u2013 Workshops @Imola \u2013 Italy<\/p><p><strong>TAB 2023<\/strong> \u2013 Workshop @Como &#8211; Italy<\/p><p><strong>JAZZ OUT SWING FEST 2022<\/strong> &#8211; Festival @Nijmegen &#8211; Netherlands<\/p><p><strong>COLOMBA BIANCA SWING CAMP 2022<\/strong> &#8211; Festival @San Vito lo Capo &#8211; Italy<\/p><p><strong>MONACHIL SWING FESTIVAL 2021<\/strong> &#8211; Festival @Granada &#8211; Spain<\/p><p><strong>SWING AOUT 2019<\/strong> &#8211; Festival @Laroquebrou &#8211; France<\/p><p><strong>SAX &amp; ALE IN COMO 2019<\/strong> &#8211; Workshop @Como &#8211; Italy<\/p><p><strong>JAZZ IN WORKSHOP 2019<\/strong> &#8211; Workshop @Nijmegen &#8211; Netherlands<\/p><p><strong>2 TEACHERS IN TOWN 2019<\/strong> &#8211; Festival @Como &#8211; Italy<\/p><p><strong>SWINGJAMMERZ ALL SWING 2018<\/strong> &#8211; Workshop @Montpellier &#8211; France<\/p><p><strong>LILLE DIT JAZZ ROOTS 2018<\/strong> &#8211; Workshop @Lille &#8211; France<\/p><p><strong>SAX &amp; ALE IN GENEVA 2018<\/strong> \u2013 Workshop @Geneva \u2013 Switzerland<\/p><p><strong>ALMERIA SWING FEST 2018<\/strong> \u2013 Festival @Almeria &#8211; Spain<\/p><p><strong>JAZZ ROOTS 2018<\/strong> \u2013 Festival @Paris \u2013 France (Only Ale)<\/p><p><strong>BROTHERSWING WORKSHOP<\/strong> \u2013 Workshop @Paris &#8211; France<\/p><p><strong>HOP HOP HOP FESTIVAL 2018<\/strong> \u2013 Festival @Quimper &#8211; France<\/p><p><strong>SUNDAY SWING 2018<\/strong> \u2013 Workshop @Bologna \u2013 Italy<\/p><p><strong>SWINGIN\u2019POOL 2017<\/strong>\u2013 Workshop @Padova &#8211; Italy<\/p>\t\t\t\t\t\t\t\t<\/div>\n\t\t\t\t<\/div>\n\t\t<div class=\"elementor-element elementor-element-acffd47 e-con-full e-flex e-con e-child\" data-id=\"acffd47\" data-element_type=\"container\" data-e-type=\"container\">\n\t\t\t\t<div class=\"elementor-element elementor-element-9e8eec5 elementor-widget elementor-widget-text-editor\" data-id=\"9e8eec5\" data-element_type=\"widget\" data-e-type=\"widget\" data-widget_type=\"text-editor.default\">\n\t\t\t\t\t\t\t\t\t<p><strong>ARDENT SWING FESTIVAL 2017\/2018<\/strong> &#8211; Festival @ Liege &#8211; Belgium<\/p><p><strong>MATERA IN SWING 2017<\/strong> &#8211; Festival @Matera &#8211; Italy (Only Ale)<\/p><p><strong>ROYAL SWING FEST 2017<\/strong> \u2013 Festival @Turin &#8211; Italy<\/p><p><strong>SAX &amp; ALE IN PARIS 2017<\/strong> &#8211; Workshop @Paris &#8211; France<\/p><p><strong>ALL SWING WEEKEND 2016\/2017\/2018\/2019<\/strong> \u2013 Workshop @Bruxelles &#8211; Belgium<\/p><p><strong>AKDT 2017\/2018\/2019\/2022\/2023\/2024\/2025\u00a0<\/strong>\u2013 Boot Camp @Neufchateau &#8211; Belgium<\/p><p><strong>CROQUETAS WORKSHOP 2017<\/strong> \u2013 Workshop @Madrid \u2013 Spain<\/p><p><strong>NOTTINGJAM 2017<\/strong> \u2013 Festival @Nottingham &#8211; UK<\/p><p><strong>WINTER WORKSHOP 2017<\/strong> \u2013 Workshop @Trento &#8211; Italy<\/p><p><strong>SAX &amp; ALE IN VITORIA 2017<\/strong> \u2013 Workshop @Vitoria-Gasteiz &#8211; Spain<\/p><p><strong>ELBA SWING FESTIVAL 2016<\/strong> &#8211; Festival @Isola d\u2019Elba \u2013 Italy<\/p><p><strong>MYSWEET MOONDEENA 2016<\/strong> &#8211; Workshop @Novara &#8211; Italy<\/p><p><strong>MALMO SPRING JUMP 2016 <\/strong>&#8211; Festival @Malmo \u2013 Sweden<\/p><p><strong>SAX &amp; ALE WORKSHOP 2016<\/strong> \u2013 Workshop @Brescia \u2013 Italy<\/p><p><strong>BLACK FOREST HOP 2016<\/strong> \u2013 Festival @Freiburg \u2013 Germany<\/p><p><strong>PLAY WITH THE MUSIC 2016<\/strong> \u2013 Workshop @Bruxelles &#8211; Belgium<\/p><p><strong>PHILOSOSWING 2016<\/strong> \u2013 Workshop @Padova \u2013 Italy<\/p><p><strong>SWINGTENSIVE 2016<\/strong> \u2013 Workshop @Around Italy<\/p><p><strong>SLIDE\u2019N\u2019SWING 2015<\/strong> \u2013 Workshop @Rimini \u2013 Italy<\/p><p><strong>SUNDAY SWING 2015<\/strong> \u2013 Workshop @Bologna \u2013 Italy<\/p><p><strong>SWINGJAMMERZ ALL SWING 2015<\/strong> \u2013 Workshop @Montpellier \u2013 France<\/p><p><strong>GASTROSWING 2015\/2016<\/strong> \u2013 Festival @Vitoria-Gasteiz \u2013 Spain<\/p><p><strong>SWING TRAIN 2015<\/strong> \u2013 Festival @Torino \u2013 Italy<\/p><p><strong>WARSAW LINDY HOP EXCHANGE 2014<\/strong> \u2013 Festival @Warsaw \u2013 Polish<\/p>\t\t\t\t\t\t\t\t<\/div>\n\t\t\t\t<\/div>\n\t\t\t\t\t<\/div>\n\t\t\t\t<\/div>\n\t\t<div class=\"elementor-element elementor-element-63c4467 e-flex e-con-boxed e-con e-parent\" data-id=\"63c4467\" data-element_type=\"container\" data-e-type=\"container\">\n\t\t\t\t\t<div class=\"e-con-inner\">\n\t\t\t\t<div class=\"elementor-element elementor-element-6269827f elementor-widget elementor-widget-spacer\" data-id=\"6269827f\" data-element_type=\"widget\" data-e-type=\"widget\" data-widget_type=\"spacer.default\">\n\t\t\t\t\t\t\t<div class=\"elementor-spacer\">\n\t\t\t<div class=\"elementor-spacer-inner\"><\/div>\n\t\t<\/div>\n\t\t\t\t\t\t<\/div>\n\t\t\t\t\t<\/div>\n\t\t\t\t<\/div>\n\t\t\t\t<\/div>\n\t\t","protected":false},"excerpt":{"rendered":"<p>Notre parcours commun : une chronologie d&#8217;\u00e9motions L&#8217;un des plus grands plaisirs que ce travail nous a procur\u00e9s est la possibilit\u00e9 de rencontrer, de conna\u00eetre et de danser avec des personnes issues de communaut\u00e9s diff\u00e9rentes, chacune avec son histoire, son \u00e9nergie et sa sensibilit\u00e9 propres. Chaque rencontre nous a laiss\u00e9 quelque chose : un souvenir [&hellip;]<\/p>\n","protected":false},"author":1,"featured_media":0,"parent":0,"menu_order":0,"comment_status":"closed","ping_status":"closed","template":"","meta":{"footnotes":""},"class_list":["post-463","page","type-page","status-publish","hentry"],"_links":{"self":[{"href":"https:\/\/saxandale.info\/index.php\/wp-json\/wp\/v2\/pages\/463","targetHints":{"allow":["GET"]}}],"collection":[{"href":"https:\/\/saxandale.info\/index.php\/wp-json\/wp\/v2\/pages"}],"about":[{"href":"https:\/\/saxandale.info\/index.php\/wp-json\/wp\/v2\/types\/page"}],"author":[{"embeddable":true,"href":"https:\/\/saxandale.info\/index.php\/wp-json\/wp\/v2\/users\/1"}],"replies":[{"embeddable":true,"href":"https:\/\/saxandale.info\/index.php\/wp-json\/wp\/v2\/comments?post=463"}],"version-history":[{"count":8,"href":"https:\/\/saxandale.info\/index.php\/wp-json\/wp\/v2\/pages\/463\/revisions"}],"predecessor-version":[{"id":586,"href":"https:\/\/saxandale.info\/index.php\/wp-json\/wp\/v2\/pages\/463\/revisions\/586"}],"wp:attachment":[{"href":"https:\/\/saxandale.info\/index.php\/wp-json\/wp\/v2\/media?parent=463"}],"curies":[{"name":"wp","href":"https:\/\/api.w.org\/{rel}","templated":true}]}}